{"id":644,"date":"2019-03-18T08:28:52","date_gmt":"2019-03-18T08:28:52","guid":{"rendered":"https:\/\/srv19107.omansrv19.omanbros.com\/?page_id=644"},"modified":"2026-02-25T15:55:02","modified_gmt":"2026-02-25T14:55:02","slug":"honorar","status":"publish","type":"page","link":"https:\/\/www.andreapabst.at\/index.php\/honorar\/","title":{"rendered":"Honorar"},"content":{"rendered":"<h1>Rahmenbedingungen<\/h1>\n<div>\n<ol>\n<li>\n<div class=\"box\"><span class=\"title\">Kostenzuschuss durch die Krankenversicherung:<\/span>\u00a0<\/p>\n<p>Es ist m\u00f6glich, von ihrer Krankenkasse einen Kostenzuschuss zu beantragen. Die Krankenkassen leisten nur dann einen Zuschuss, wenn eine sogenannte \u201ekrankheitswertige St\u00f6rung\u201c vorliegt, da die Sozialversicherung nur Krankenbehandlung finanzieren darf. Um einen Zuschuss zu erhalten, ben\u00f6tigen Sie vor der 2ten Therapiesitzung eine Best\u00e4tigung von ihrem praktischen Arzt. Dieser best\u00e4tigt, dass Sie sich einer \u00e4rztlichen Untersuchung unterzogen haben, um eventuelle k\u00f6rperliche Erkrankungen abzukl\u00e4ren, die die seelische Problematik mit hervorrufen. Am Ende reichen Sie den Antrag mit meiner Honorarnote bei Ihrer Krankenkasse ein.<\/p>\n<p>Pro Sitzung betr\u00e4gt der Zuschuss wie folgt (Stand 08.05.2025):<\/p>\n<ul>\n<li>Gebietskrankenkasse\u00a0<b>(\u00d6GK)<\/b>: \u2013 EUR 33,70<\/li>\n<li>Sozialversicherungsanstalt der gewerblichen Wirtschaft\u00a0<b>(SVS)<\/b>: \u2013 EUR 45,-<\/li>\n<li>Versicherungsanstalt f\u00fcr Eisenbahnen und Bergbau\u00a0<b>(VAEB)<\/b>: \u2013 EUR 42,40<\/li>\n<li>Versicherungsanstalt \u00f6ffentlich Bediensteter\u00a0<b>(BVA)<\/b>: \u2013 EUR 40,-<\/li>\n<li>Sozialversicherungsanstalt der Bauern\u00a0<b>(SVB)<\/b>: \u2013 EUR 50,-<\/li>\n<\/ul>\n<\/div>\n<\/li>\n<li>\n<div class=\"box padding-top-20\">\n<div class=\"title\">Honorar:<\/div>\n<p><\/p>\n<div>\n<p>Psychotherapie, online Sitzungen oder telefonische Sitzungen (50 min) EUR 130,-.<br \/>Paarberatung, Paartherapie, Eltern Coaching (80 min) EUR 230,-.<br \/>Business Coaching f\u00fcr Firmen, Erstgespr\u00e4ch (50 min) und Folgegespr\u00e4che EUR 150,-.<\/p>\n<\/div>\n<div>\n<p>Psychotherapeutische Leistungen sind mehrwertsteuerfrei gem\u00e4\u00df \u00a7\u00a06\u00a0Abs.1\u00a0Z \u00a019\u00a0UStG. Bitte beachten Sie, dass ein Zuschuss durch Krankenkassen bei Paartherapie nicht m\u00f6glich ist.<\/p>\n<\/div>\n<div><\/div>\n<\/div>\n<\/li>\n<li>\n<div class=\"box padding-top-20\">\n<div class=\"title\">Absageregelung:<\/div>\n<p><\/p>\n<div>\n<p>Sitzungen sind in bar, direkt im Anschluss an die Therapie-Einheit zu bezahlen. Ist die Teilnahme an einer vereinbarten Sitzung nicht m\u00f6glich, bitte ich Sie dies\u00a0<b>sp\u00e4testens 48 Stunden vor dem vereinbarten Termin<\/b>\u00a0per Sms\/Mail\/Telefon abzusagen, sonst muss die Stunde verrechnet werden.<\/p>\n<\/div>\n<\/div>\n<\/li>\n<\/ol>\n<\/div>\n<p><!--more--><br \/>\n<!-- {\"type\":\"layout\",\"children\":[{\"type\":\"section\",\"props\":{\"css\":\"p {font-size:16px;}\\nli {font-size:16px;}\\n\",\"image_position\":\"center-center\",\"style\":\"default\",\"title_breakpoint\":\"xl\",\"title_position\":\"top-left\",\"title_rotation\":\"left\",\"vertical_align\":\"middle\",\"width\":\"default\"},\"children\":[{\"type\":\"row\",\"children\":[{\"type\":\"column\",\"props\":{\"image_position\":\"center-center\",\"position_sticky_breakpoint\":\"m\",\"width_medium\":\"1-1\"},\"children\":[{\"type\":\"headline\",\"props\":{\"content\":\"Rahmenbedingungen\",\"text_align\":\"center\",\"title_color\":\"primary\",\"title_element\":\"h1\",\"title_style\":\"h1\"}},{\"type\":\"text\",\"props\":{\"column_breakpoint\":\"m\",\"content\":\"\n\n<ol>\\n\n\n<li>\\n\n\n<div class=\\\"box\\\"><span class=\\\"title\\\">Kostenzuschuss durch die Krankenversicherung:<\\\/span>\\u00a0<br \\\/><br \\\/>\\n\n\n<p>Es ist m\\u00f6glich, von ihrer Krankenkasse einen Kostenzuschuss zu beantragen. Die Krankenkassen leisten nur dann einen Zuschuss, wenn eine sogenannte \\u201ekrankheitswertige St\\u00f6rung\\u201c vorliegt, da die Sozialversicherung nur Krankenbehandlung finanzieren darf. Um einen Zuschuss zu erhalten, ben\\u00f6tigen Sie vor der 2ten Therapiesitzung eine Best\\u00e4tigung von ihrem praktischen Arzt. Dieser best\\u00e4tigt, dass Sie sich einer \\u00e4rztlichen Untersuchung unterzogen haben, um eventuelle k\\u00f6rperliche Erkrankungen abzukl\\u00e4ren, die die seelische Problematik mit hervorrufen. Am Ende reichen Sie den Antrag mit meiner Honorarnote bei Ihrer Krankenkasse ein.<br \\\/><br \\\/>Pro Sitzung betr\\u00e4gt der Zuschuss wie folgt (Stand 08.05.2025):<\\\/p>\\n\n\n<ul>\\n\n\n<li>Gebietskrankenkasse\\u00a0<b>(\\u00d6GK)<\\\/b>: \\u2013 EUR 33,70<\\\/li>\\n\n\n<li>Sozialversicherungsanstalt der gewerblichen Wirtschaft\\u00a0<b>(SVS)<\\\/b>: \\u2013 EUR 45,-<\\\/li>\\n\n\n<li>Versicherungsanstalt f\\u00fcr Eisenbahnen und Bergbau\\u00a0<b>(VAEB)<\\\/b>: \\u2013 EUR 42,40<\\\/li>\\n\n\n<li>Versicherungsanstalt \\u00f6ffentlich Bediensteter\\u00a0<b>(BVA)<\\\/b>: \\u2013 EUR 40,-<\\\/li>\\n\n\n<li>Sozialversicherungsanstalt der Bauern\\u00a0<b>(SVB)<\\\/b>: \\u2013 EUR 50,-<\\\/li>\\n<\\\/ul>\\n<\\\/div>\\n<\\\/li>\\n\n\n<li>\\n\n\n<div class=\\\"box padding-top-20\\\">\\n\n\n<div class=\\\"title\\\">Honorar:<\\\/div>\\n<br \\\/>\\n\n\n<div>\\n\n\n<p>Psychotherapie, online Sitzungen oder telefonische Sitzungen (50 min) EUR 130,-.<br \\\/>Paarberatung, Paartherapie, Eltern Coaching (80 min) EUR 230,-.<br \\\/>Business Coaching f\\u00fcr Firmen, Erstgespr\\u00e4ch (50 min) und Folgegespr\\u00e4che EUR 150,-.<\\\/p>\\n<\\\/div>\\n\n\n<div>\\n\n\n<p>Psychotherapeutische Leistungen sind mehrwertsteuerfrei gem\\u00e4\\u00df \\u00a7\\u00a06\\u00a0Abs.1\\u00a0Z \\u00a019\\u00a0UStG. Bitte beachten Sie, dass ein Zuschuss durch Krankenkassen bei Paartherapie nicht m\\u00f6glich ist.<\\\/p>\\n<\\\/div>\\n\n\n<div><\\\/div>\\n<\\\/div>\\n<\\\/li>\\n\n\n<li>\\n\n\n<div class=\\\"box padding-top-20\\\">\\n\n\n<div class=\\\"title\\\">Absageregelung:<\\\/div>\\n<br \\\/>\\n\n\n<div>\\n\n\n<p>Sitzungen sind in bar, direkt im Anschluss an die Therapie-Einheit zu bezahlen. Ist die Teilnahme an einer vereinbarten Sitzung nicht m\\u00f6glich, bitte ich Sie dies\\u00a0<b>sp\\u00e4testens 48 Stunden vor dem vereinbarten Termin<\\\/b>\\u00a0per Sms\\\/Mail\\\/Telefon abzusagen, sonst muss die Stunde verrechnet werden.<\\\/p>\\n<\\\/div>\\n<\\\/div>\\n<\\\/li>\\n<\\\/ol>\",\"margin\":\"default\"}}]}]}]}],\"version\":\"4.3.5\"} --><\/p>\n","protected":false},"excerpt":{"rendered":"<p>Rahmenbedingungen Kostenzuschuss durch die Krankenversicherung:\u00a0 Es ist m\u00f6glich, von ihrer Krankenkasse einen Kostenzuschuss zu beantragen. Die Krankenkassen leisten nur dann einen Zuschuss, wenn eine sogenannte \u201ekrankheitswertige St\u00f6rung\u201c vorliegt, da die Sozialversicherung nur Krankenbehandlung finanzieren darf. Um einen Zuschuss zu erhalten, ben\u00f6tigen Sie vor der 2ten Therapiesitzung eine Best\u00e4tigung von ihrem praktischen Arzt. Dieser best\u00e4tigt, dass [&hellip;]<\/p>\n","protected":false},"author":2,"featured_media":0,"parent":0,"menu_order":0,"comment_status":"closed","ping_status":"closed","template":"","meta":{"footnotes":""},"class_list":["post-644","page","type-page","status-publish","hentry"],"yoast_head":"<!-- This site is optimized with the Yoast SEO plugin v27.5 - https:\/\/yoast.com\/product\/yoast-seo-wordpress\/ -->\n<title>Honorar - Andrea Pabst- Psychotherapie<\/title>\n<meta name=\"description\" content=\"Psychotherapie (1 Einheit, 50 min) Kosten \u20ac 100,00. Coaching (1 Einheit, 50 min) Kosten \u20ac 120,00. Paartherapie (1,5 Einheiten, 80 min) Kosten \u20ac 160,00.\" \/>\n<meta name=\"robots\" content=\"index, follow, max-snippet:-1, max-image-preview:large, max-video-preview:-1\" \/>\n<link rel=\"canonical\" href=\"https:\/\/www.andreapabst.at\/index.php\/honorar\/\" \/>\n<meta property=\"og:locale\" content=\"de_DE\" \/>\n<meta property=\"og:type\" content=\"article\" \/>\n<meta property=\"og:title\" content=\"Honorar - Andrea Pabst- Psychotherapie\" \/>\n<meta property=\"og:description\" content=\"Psychotherapie (1 Einheit, 50 min) Kosten \u20ac 100,00. Coaching (1 Einheit, 50 min) Kosten \u20ac 120,00. Paartherapie (1,5 Einheiten, 80 min) Kosten \u20ac 160,00.\" \/>\n<meta property=\"og:url\" content=\"https:\/\/www.andreapabst.at\/index.php\/honorar\/\" \/>\n<meta property=\"og:site_name\" content=\"Andrea Pabst- Psychotherapie\" \/>\n<meta property=\"article:modified_time\" content=\"2026-02-25T14:55:02+00:00\" \/>\n<meta name=\"twitter:card\" content=\"summary_large_image\" \/>\n<meta name=\"twitter:label1\" content=\"Gesch\u00e4tzte Lesezeit\" \/>\n\t<meta name=\"twitter:data1\" content=\"1\u00a0Minute\" \/>\n<script type=\"application\/ld+json\" class=\"yoast-schema-graph\">{\"@context\":\"https:\\\/\\\/schema.org\",\"@graph\":[{\"@type\":\"WebPage\",\"@id\":\"https:\\\/\\\/www.andreapabst.at\\\/index.php\\\/honorar\\\/\",\"url\":\"https:\\\/\\\/www.andreapabst.at\\\/index.php\\\/honorar\\\/\",\"name\":\"Honorar - Andrea Pabst- Psychotherapie\",\"isPartOf\":{\"@id\":\"https:\\\/\\\/www.andreapabst.at\\\/#website\"},\"datePublished\":\"2019-03-18T08:28:52+00:00\",\"dateModified\":\"2026-02-25T14:55:02+00:00\",\"description\":\"Psychotherapie (1 Einheit, 50 min) Kosten \u20ac 100,00. Coaching (1 Einheit, 50 min) Kosten \u20ac 120,00. Paartherapie (1,5 Einheiten, 80 min) Kosten \u20ac 160,00.\",\"breadcrumb\":{\"@id\":\"https:\\\/\\\/www.andreapabst.at\\\/index.php\\\/honorar\\\/#breadcrumb\"},\"inLanguage\":\"de\",\"potentialAction\":[{\"@type\":\"ReadAction\",\"target\":[\"https:\\\/\\\/www.andreapabst.at\\\/index.php\\\/honorar\\\/\"]}]},{\"@type\":\"BreadcrumbList\",\"@id\":\"https:\\\/\\\/www.andreapabst.at\\\/index.php\\\/honorar\\\/#breadcrumb\",\"itemListElement\":[{\"@type\":\"ListItem\",\"position\":1,\"name\":\"Home\",\"item\":\"https:\\\/\\\/www.andreapabst.at\\\/\"},{\"@type\":\"ListItem\",\"position\":2,\"name\":\"Honorar\"}]},{\"@type\":\"WebSite\",\"@id\":\"https:\\\/\\\/www.andreapabst.at\\\/#website\",\"url\":\"https:\\\/\\\/www.andreapabst.at\\\/\",\"name\":\"Andrea Pabst- Psychotherapie\",\"description\":\"Hilfe bei Panikattacken, Paartherapie, Ehetherapie\",\"potentialAction\":[{\"@type\":\"SearchAction\",\"target\":{\"@type\":\"EntryPoint\",\"urlTemplate\":\"https:\\\/\\\/www.andreapabst.at\\\/?s={search_term_string}\"},\"query-input\":{\"@type\":\"PropertyValueSpecification\",\"valueRequired\":true,\"valueName\":\"search_term_string\"}}],\"inLanguage\":\"de\"}]}<\/script>\n<!-- \/ Yoast SEO plugin. -->","yoast_head_json":{"title":"Honorar - Andrea Pabst- Psychotherapie","description":"Psychotherapie (1 Einheit, 50 min) Kosten \u20ac 100,00. Coaching (1 Einheit, 50 min) Kosten \u20ac 120,00. Paartherapie (1,5 Einheiten, 80 min) Kosten \u20ac 160,00.","robots":{"index":"index","follow":"follow","max-snippet":"max-snippet:-1","max-image-preview":"max-image-preview:large","max-video-preview":"max-video-preview:-1"},"canonical":"https:\/\/www.andreapabst.at\/index.php\/honorar\/","og_locale":"de_DE","og_type":"article","og_title":"Honorar - Andrea Pabst- Psychotherapie","og_description":"Psychotherapie (1 Einheit, 50 min) Kosten \u20ac 100,00. Coaching (1 Einheit, 50 min) Kosten \u20ac 120,00. Paartherapie (1,5 Einheiten, 80 min) Kosten \u20ac 160,00.","og_url":"https:\/\/www.andreapabst.at\/index.php\/honorar\/","og_site_name":"Andrea Pabst- Psychotherapie","article_modified_time":"2026-02-25T14:55:02+00:00","twitter_card":"summary_large_image","twitter_misc":{"Gesch\u00e4tzte Lesezeit":"1\u00a0Minute"},"schema":{"@context":"https:\/\/schema.org","@graph":[{"@type":"WebPage","@id":"https:\/\/www.andreapabst.at\/index.php\/honorar\/","url":"https:\/\/www.andreapabst.at\/index.php\/honorar\/","name":"Honorar - Andrea Pabst- Psychotherapie","isPartOf":{"@id":"https:\/\/www.andreapabst.at\/#website"},"datePublished":"2019-03-18T08:28:52+00:00","dateModified":"2026-02-25T14:55:02+00:00","description":"Psychotherapie (1 Einheit, 50 min) Kosten \u20ac 100,00. Coaching (1 Einheit, 50 min) Kosten \u20ac 120,00. Paartherapie (1,5 Einheiten, 80 min) Kosten \u20ac 160,00.","breadcrumb":{"@id":"https:\/\/www.andreapabst.at\/index.php\/honorar\/#breadcrumb"},"inLanguage":"de","potentialAction":[{"@type":"ReadAction","target":["https:\/\/www.andreapabst.at\/index.php\/honorar\/"]}]},{"@type":"BreadcrumbList","@id":"https:\/\/www.andreapabst.at\/index.php\/honorar\/#breadcrumb","itemListElement":[{"@type":"ListItem","position":1,"name":"Home","item":"https:\/\/www.andreapabst.at\/"},{"@type":"ListItem","position":2,"name":"Honorar"}]},{"@type":"WebSite","@id":"https:\/\/www.andreapabst.at\/#website","url":"https:\/\/www.andreapabst.at\/","name":"Andrea Pabst- Psychotherapie","description":"Hilfe bei Panikattacken, Paartherapie, Ehetherapie","potentialAction":[{"@type":"SearchAction","target":{"@type":"EntryPoint","urlTemplate":"https:\/\/www.andreapabst.at\/?s={search_term_string}"},"query-input":{"@type":"PropertyValueSpecification","valueRequired":true,"valueName":"search_term_string"}}],"inLanguage":"de"}]}},"_links":{"self":[{"href":"https:\/\/www.andreapabst.at\/index.php\/wp-json\/wp\/v2\/pages\/644","targetHints":{"allow":["GET"]}}],"collection":[{"href":"https:\/\/www.andreapabst.at\/index.php\/wp-json\/wp\/v2\/pages"}],"about":[{"href":"https:\/\/www.andreapabst.at\/index.php\/wp-json\/wp\/v2\/types\/page"}],"author":[{"embeddable":true,"href":"https:\/\/www.andreapabst.at\/index.php\/wp-json\/wp\/v2\/users\/2"}],"replies":[{"embeddable":true,"href":"https:\/\/www.andreapabst.at\/index.php\/wp-json\/wp\/v2\/comments?post=644"}],"version-history":[{"count":18,"href":"https:\/\/www.andreapabst.at\/index.php\/wp-json\/wp\/v2\/pages\/644\/revisions"}],"predecessor-version":[{"id":25947,"href":"https:\/\/www.andreapabst.at\/index.php\/wp-json\/wp\/v2\/pages\/644\/revisions\/25947"}],"wp:attachment":[{"href":"https:\/\/www.andreapabst.at\/index.php\/wp-json\/wp\/v2\/media?parent=644"}],"curies":[{"name":"wp","href":"https:\/\/api.w.org\/{rel}","templated":true}]}}